e ((-1)/(-5))/((-5)/(-25)). Let j(g) = 0 - 5 - g - l + 2. What is the units digit of j(-6)?
2
Let x(h) = 0 + 8 + h + 4. What is the tens digit of x(0)?
1
Let s = 10 - -9. Suppose 0 = l + 4*l + 35. Let p = s + l. What is the tens digit of p?
1
What is the units digit of (-72)/(-4) + (-6)/2?
5
Suppose 2 = -n, 3*x + x + 2*n = -36. Let s(z) = -3*z - 11. What is the units digit of s(x)?
3
Let c = -129 - -219. What is the units digit of c?
0
What is the units digit of (12/6)/((-3)/(-57))?
8
Suppose 177 + 215 = 8*n. What is the units digit of n?
9
Let v = 4 - 9. Let x be ((-5)/(v/(-2)))/(-1). Suppose 3 = x*q - 5, 0 = -3*s + 4*q + 5. What is the units digit of s?
7
Let c be 30 - 1 - (1 + 2). Suppose 6*y - y - 3*g + c = 0, 18 = -5*y - g. Let m = y - -12. What is the units digit of m?
8
Let c be 951/21 - 4/14. Let w = c + -18. What is the tens digit of w?
2
Let b(d) = -d**3 + 3*d**2 + d - 1. Let r be b(3). Let c = 5 - r. Suppose 32 = c*y + 4*w, y - 5*w = -4*y + 30. What is the units digit of y?
8
Let b = 11 - 6. What is the tens digit of 93/b - 2/(-5)?
1
Let c = -8 + 14. Suppose 21 - c = 5*g. What is the units digit of 9*(0 + g)/3?
9
What is the tens digit of 18500/225 - (22/18 - 1)?
8
Suppose -4*n = -x + 5, 2*n + 15 = 3*n + 3*x. Suppose -m + 5*t = -n*t - 15, t - 18 = -4*m. What is the units digit of m?
5
Suppose 8*n = 3*n - 55. Let g = -3 - n. What is the units digit of (-5)/((-10)/g) - -2?
6
Let h = 145 + -85. Let f be ((-4)/10)/(4/h). Let c(w) = -w**3 - 6*w**2 - 3*w - 6. What is the units digit of c(f)?
2
Suppose 0*h + 248 = 4*h. Let q = h + -18. Let r = q - 30. What is the units digit of r?
4
Let r = 17 - 6. Let t = -10 + r. Let o(g) = 18*g**2 + 1. What is the tens digit of o(t)?
1
What is the units digit of (-33)/77 + 2544/7?
3
Suppose -3*i + 12 = i. Suppose 124 = i*y - y. Suppose 4*k + 2*m - m - y = 0, -5*k + m + 82 = 0. What is the tens digit of k?
1
What is the tens digit of 164/6*(-1 + (-15)/(-6))?
4
Let r(i) = 3*i**3 + i**2 + 2. What is the tens digit of r(2)?
3
Let h = 70 + -40. What is the units digit of h?
0
Suppose -4*o + 2 = b, 4*o - 8 = 5*b - 3*b. What is the units digit of 12 - ((b - -2) + 3)?
9
Let x = -106 + 166. Suppose 0 = -g - 3*g + x. What is the tens digit of g?
1
Let g(l) = -8*l + 8. What is the tens digit of g(-15)?
2
What is the units digit of 57*-1*(-4)/3?
6
Let l = 19 + -13. Let q(r) = -r**2 + 6*r + 4. Let a be q(l). Let j(u) = -u**2 + 3*u + 5. What is the units digit of j(a)?
1
Let a(n) = -n**2 + 4*n + 5. Let l be a(4). Let p = l - 2. What is the units digit of p?
3
Let j(z) = -3*z**2 + 3*z - 3. Let q be j(3). Let v = -13 - q. What is the units digit of v?
8
Let d(v) = -4*v**2 + 3*v + 9. Let f(z) = 2*z**2 - z - 4. Let t(n) = 2*d(n) + 5*f(n). What is the units digit of t(-2)?
4
Let m(k) = 11*k - 2. What is the units digit of m(1)?
9
Let n = 4 - 3. Suppose -4 = 4*k + m, -5*k - 3*m + 4 = -4*m. Let a = k + n. What is the units digit of a?
1
Let s be 138/14 - (-3)/21. What is the units digit of (-1 + -1)/(s/(-185))?
7
Let u(g) = -g**2 - g + 3. Let k(d) = -d + 1. Let b be k(1). Let o be u(b). Suppose -o*a - 31 = -5*n, -5 = -2*n + 4*a - 1. What is the units digit of n?
8
Suppose 5*h = 2*w - 19, w = -0*w - 4*h - 10. Suppose -3*i + 22 = -2*y, 4*y - w*y + 30 = 5*i. Let n = 11 + y. What is the units digit of n?
6
Let c = 611 + -392. What is the tens digit of c?
1
Let q = 140 - 72. What is the tens digit of q?
6
Let z = -47 - -34. What is the units digit of (z/(-1))/(-1 - -2)?
3
Let h be (-3 + 1)/(4/(-6)). Suppose -4 = -h*t + x, 2*t - 2 = -2*x + 6. What is the units digit of t?
2
Suppose 3*b - 3*c + 8*c - 471 = 0, -b + 4*c = -174. What is the hundreds digit of b?
1
Let b be 22/(-4) - 12/24. What is the units digit of ((-12)/2)/(b/32)?
2
Let s = -10 + 9. Let t(l) = -20*l + 1. What is the tens digit of t(s)?
2
Let x(b) = 24*b**2 + 3*b - 2. Suppose 0 = -m + n + 1, m + m - 2 = -3*n. What is the units digit of x(m)?
5
Suppose 139*r = 134*r + 420. What is the units digit of r?
4
Let r = -93 + 163. What is the tens digit of r?
7
Let c = -1 - -5. Suppose -c*i + 98 = -5*p - 136, -4*p + 5*i = 189. What is the units digit of (-6)/9 + p/(-6)?
7
Suppose 0 = -4*p + 3*o, -4*p - o + 0 = 16. What is the units digit of ((-1)/p)/((-6)/(-18))?
1
Let n = 33 - 14. Suppose 0 = 2*o - 6, -5*k + 0*o = -2*o - n. Let t = 8 - k. What is the units digit of t?
3
Suppose 2*b + b - 12 = 0. What is the tens digit of (-330)/(-27) - b/18?
1
Suppose 8*g + 6 = 6*g. Let x(s) = s + 5. Let p be x(g). Suppose p*k = 6*k - 24. What is the units digit of k?
6
Let j(a) = a**2 - 11*a + 12. Let n be j(11). Let t = n - -8. What is the tens digit of t?
2
Suppose 0 = -0*p - p + 2. Suppose -3*h + 232 = p*h + 4*y, 4*y + 104 = 2*h. What is the tens digit of h?
4
Let k(p) = 25*p**2 - p + 2. Suppose 0 = 6*j - 3*j - 5*n + 17, 10 = 2*j + 2*n. What is the units digit of k(j)?
6
Let w(s) = s**2 + s - 12. What is the tens digit of w(6)?
3
Let v = -4 + 4. Suppose -5*o + 24 + 46 = v. What is the tens digit of o?
1
Suppose -5*t + 31 = 3*p, -3*p + 10 + 17 = 3*t. What is the units digit of p?
7
Let s(o) = o - 2. Let v be s(6). Suppose 4 = -v*r + 12. What is the units digit of r?
2
Suppose 5*f = -0*f + 4*y - 33, -y = 3*f + 13. What is the tens digit of 111/5 - (-1)/f?
2
Suppose v - 25 = 6*v. Let r be 4 + v - 2/(-1). Suppose g = 4*o - g - 2, -3*o + r = -2*g. What is the units digit of o?
1
Let a be 1/3 + (-138)/9. Let l = a - -22. What is the units digit of l?
7
Let v = 218 + -130. What is the units digit of v?
8
What is the units digit of ((-6)/4)/((-30)/760)?
8
Let u be 3 - 0 - (-2 - 0). Let x(p) = p + 5. What is the units digit of x(u)?
0
Let z(r) = r**2 + 4*r + 5. What is the units digit of z(6)?
5
Let t = 5 + -4. Let f = 14 + t. What is the units digit of f?
5
Suppose 3*f - 98 = -32. What is the tens digit of f?
2
Suppose -13*h + 10*h = -147. What is the units digit of h?
9
Suppose d + d = 4, s = 2*d + 4. Suppose j = 3*j - s. What is the units digit of j?
4
Let d = 6 - -5. What is the tens digit of d?
1
What is the units digit of ((-6)/(-4))/(12/32)?
4
Suppose 3*x - 5*t = 30, 2*x - 27 = 2*t - t. What is the tens digit of x*(3 + -4 - -2)?
1
Suppose -87 = -3*z - 5*o, 3*z - 5*o = z + 33. Let g = z + -15. What is the units digit of g?
9
Let l(r) = -r**2 + r - 7. Let f be l(0). Let i = f + 3. What is the tens digit of (i + 3)/(2/(-20))?
1
Let c = 6 + -6. Suppose c*d + 4*d - 3*v - 70 = 0, -5*v - 9 = -d. What is the units digit of d?
9
Suppose 2*c + c = 3*x - 357, 0 = x + 3*c - 119. What is the hundreds digit of x?
1
Suppose 2*v - 497 = -0*q - 5*q, -v = -1. What is the units digit of q?
9
Let n be -2 + (2 - (-4)/(-2)). Let t be (n + 1 + 2)*5. Suppose t*j = -0*i + 4*i + 36, 0 = 3*j - 2*i - 20. What is the units digit of j?
4
Suppose 5*y = -5*v + 290, 6*v - 5*v = 4*y + 38. What is the units digit of v?
4
Suppose -2*y - 4*o = 5 + 93, 0 = -2*o + 4. Let q = -12 - y. What is the units digit of q?
1
Let b(u) = u**2 + u + 1. Let v be b(0). Let s(y) = 5*y**2 - y. Let p be s(v). Suppose m - 8 = 2*o - 4*o, p*m = o - 13. What is the units digit of o?
5
What is the units digit of (19/2)/(1/6)?
7
Suppose -g = -5 + 3. What is the units digit of (-1 - g)/((-2)/10)?
5
Let k(m) = 4*m - 12. What is the units digit of k(8)?
0
Let w(m) = -m**2 - 5*m. Let p be w(-4). Suppose -7 = -4*c + 3*y - 4*y, p*c = -5*y + 19. What is the units digit of c?
1
Let o be 7 + 2 + 1 - 1. What is the units digit of 48/o*3/2?
8
Let r be (1 + (0 - 1))/1. Suppose r = 4*q - 13 - 3. Suppose 2*s - 3*t - 38 = -3*s, -q*t = -3*s + 14. What is the units digit of s?
0
Let f = 11 + -26. What is the units digit of ((-10)/3)/(5/f)?
0
Let a = -3 + 5. Suppose -n - a*n - 33 = -d, 0 = -5*n - 20. What is the units digit of d?
1
Suppose 0 = -r + 42 + 31. What is the tens digit of r?
7
Suppose -z + 5*w + 69 = -162, -522 = -2*z - 2*w. What is the hundreds digit of z?
2
Suppose 0 = 2*p + 8 - 0. Let d(c) = 4 - 2*c + 0*c + c. What is the units digit of d(p)?
8
Suppose -3*i + 815 - 149 = 0. What is the hundreds digit of i?
2
Let q = -11 - -15. Let i(l) = 5*l - 2*l**2 + l**2 + 0*l**2 + 3. What is the units digit of i(q)?
7
Let s(w) = w**2 + 2*w - 5. Let h be s(-4). Let i(t) = -4*t + 4. Let v be i(h). Let c = 11 + v. What is the units digit of c?
3
Let c(z) be the fir